{"id":3494,"date":"2013-08-15T01:26:04","date_gmt":"2013-08-14T22:26:04","guid":{"rendered":"http:\/\/orsiad.com.tr\/?page_id=3494"},"modified":"2025-02-15T16:10:08","modified_gmt":"2025-02-15T13:10:08","slug":"yes-2013","status":"publish","type":"page","link":"https:\/\/orsiad.com.tr\/en\/yes-2013","title":{"rendered":"YES 2013 &#8211; Building Structure Aesthetics"},"content":{"rendered":"<p><span style=\"float: right; color: red;\"><a href=\"https:\/\/orsiad.com.tr\/yes\"><b>T\u00fcrk\u00e7e i\u00e7in t\u0131klay\u0131n\u0131z<\/b><\/a><\/span><br \/>\n<img loading=\"lazy\" decoding=\"async\" class=\"alignright size-full wp-image-3554\" alt=\"yes_logo_english\" src=\"https:\/\/orsiad.com.tr\/wp-content\/uploads\/yes_logo_english.jpg\" width=\"430\" height=\"210\" \/><b><span style=\"text-decoration: underline;\">Date &amp; Place Of The Forum<\/span><\/b><br \/>\nThe forum which will take place in Istanbul Fair Center IFM as a part of the <b>Domotex Middle East Expo<\/b>, on <b>9th of November, 2013<\/b> at <b>2.30 pm. <\/b>The forum<b> <\/b>is a free event and open to public.<\/p>\n<p><b><span style=\"text-decoration: underline;\">Topic &amp; theme of the forum<\/span><\/b><\/p>\n<p>The topic of the forum is decided as the <b>Interior Architects Role and Position In The Construction Industry.<\/b><\/p>\n<p>The main theme will be discussed under this topic and, the speakers with the moderator of the forum depending on the situation will consider subtopics. Audience will have the opportunity to ask questions at the forum.<\/p>\n<p>Recommended subtopics are;<\/p>\n<p><i>a) What is the Interior Architects Role In The Construction Industry at the moment?<br \/>\n<\/i><i>b) What should be the role and position of the Interior Architects In The Construction Industry?<br \/>\n<\/i><i>c) What should be done to rearrange the position of Interior Architects Role In The Construction Industry?<br \/>\n<\/i><i>d) What are the expectations from the private sector? (What are the expectations from the contractors in the construction sector?)<br \/>\n<\/i><i>e) What are the expectations from the state?<\/i><\/p>\n<p><b><i><span style=\"text-decoration: underline;\">Forum\u2019s speakers<\/span><\/i><\/b><\/p>\n<p><i>The most important criteria<\/i> for choosing our speakers has been <i>the related experience<\/i> and <i>knowledge of their own sector<\/i>. What makes this forum different than others is that our speakers currently exist in the industry with great knowledge and they are well respected experts of their own sectors. There will be 6 speakers and 1 moderator taking place in this forum.<\/p>\n<p>&nbsp;<\/p>\n<p><span style=\"text-decoration: underline;\"><strong>Moderator<\/strong><\/span><\/p>\n<p><a href=\"\/?page_id=3650\" target=\"_blank\">YUSUF GULTEKIN Taner, President of Chamber of Interior Architects Istanbul Branch<\/a><\/p>\n<p>&nbsp;<\/p>\n<p><span style=\"text-decoration: underline;\"><strong>Speakers<\/strong><\/span><\/p>\n<p><a href=\"\/?page_id=3648\" target=\"_blank\">CEREN POLAT, University Lecturer &amp; \u00a0and Environmental Designer<\/a><br \/>\nDoc. B.Burak KAPTAN,\u00a0Interior Designer<br \/>\nYrd. Do\u00e7. Dr. Funda \u00dcr\u00fck, Gelisim University head of the department of interior architecture<br \/>\nNazmi Durbakay\u0131m, Teknik Holding Chairman of the Board of Directors<\/p>\n<p>&nbsp;<\/p>\n<p><b><i><span style=\"text-decoration: underline;\">Length of the forum<\/span><\/i><\/b><\/p>\n<p>Total duration of the forum is considered to be 100 minutes.<\/p>\n<p><b><i><span style=\"text-decoration: underline;\">\u00a0<\/span><\/i><\/b><\/p>\n<p><b><i><span style=\"text-decoration: underline;\">Speaker\u2019s Speech Duration<\/span><\/i><\/b><\/p>\n<p>Approximately 15 minutes of speech for each speaker will be allowed.<\/p>\n<p>&nbsp;<\/p>\n<p><b><i><span style=\"text-decoration: underline;\">Organizers of the forum<\/span><\/i><\/b><\/p>\n<p>The organization of the <b>YES Forum 2013<\/b><b> (Building Structure Aesthetics)<\/b> is a joint work of the three organizations: <b>Turkish Chamber of Interior Architects Istanbul Branch<\/b><b>, Deutsche Messe Worldwide &#8211; Hannover Messe International Istanbul LTD \u015eT\u0130 <\/b>and <b>GET Foreign Trade Ltd. Co. LTD \u2013 ORS\u0130AD Journal<\/b>.<\/p>\n<p><a href=\"https:\/\/orsiad.com.tr\/wp-content\/uploads\/yes-davetiye-english_2013.pdf\" target=\"new\"><img loading=\"lazy\" decoding=\"async\" src=\"https:\/\/orsiad.com.tr\/wp-content\/uploads\/yes-davetiye-english_2013.jpg\" alt=\"yes-davetiye-english_2013\" width=\"940\" height=\"546\" class=\"alignnone size-full wp-image-3820\" \/><\/a><\/p>\n<p>&nbsp;<\/p>\n<p>[contact-form-7 id=&#8221;3823&#8243; title=&#8221;YES English&#8221;]<\/p>\n<div style=\"overflow: hidden; height: 1px;\">\u041b\u0443\u0447\u0448\u0438\u0435 <a href=\"https:\/\/vavadaeb.com\" target=\"_blank\" rel=\"noopener\">\u0432\u0430\u0432\u0430\u0434\u0430 \u0438\u0433\u0440\u043e\u0432\u044b\u0435<\/a> \u0436\u0434\u0443\u0442 \u0432\u0430\u0441. \u041d\u0430\u0441\u043b\u0430\u0434\u0438\u0442\u0435\u0441\u044c \u0430\u0437\u0430\u0440\u0442\u043e\u043c!<\/div>\n","protected":false},"excerpt":{"rendered":"<p>T\u00fcrk\u00e7e i\u00e7in t\u0131klay\u0131n\u0131z Date &amp; Place Of The Forum The forum which will take place in Istanbul Fair Center IFM as a part of the Domotex Middle East Expo, on 9th of November, 2013 at 2.30 pm. The forum is a free event and open to public. Topic &amp; theme of the forum The topic [&hellip;]<\/p>\n","protected":false},"author":1,"featured_media":0,"parent":0,"menu_order":0,"comment_status":"closed","ping_status":"closed","template":"page-yes.php","meta":{"jetpack_post_was_ever_published":false,"footnotes":"","_links_to":"","_links_to_target":""},"class_list":["post-3494","page","type-page","status-publish","hentry"],"jetpack_sharing_enabled":true,"_links":{"self":[{"href":"https:\/\/orsiad.com.tr\/en\/wp-json\/wp\/v2\/pages\/3494","targetHints":{"allow":["GET"]}}],"collection":[{"href":"https:\/\/orsiad.com.tr\/en\/wp-json\/wp\/v2\/pages"}],"about":[{"href":"https:\/\/orsiad.com.tr\/en\/wp-json\/wp\/v2\/types\/page"}],"author":[{"embeddable":true,"href":"https:\/\/orsiad.com.tr\/en\/wp-json\/wp\/v2\/users\/1"}],"replies":[{"embeddable":true,"href":"https:\/\/orsiad.com.tr\/en\/wp-json\/wp\/v2\/comments?post=3494"}],"version-history":[{"count":1,"href":"https:\/\/orsiad.com.tr\/en\/wp-json\/wp\/v2\/pages\/3494\/revisions"}],"predecessor-version":[{"id":51168,"href":"https:\/\/orsiad.com.tr\/en\/wp-json\/wp\/v2\/pages\/3494\/revisions\/51168"}],"wp:attachment":[{"href":"https:\/\/orsiad.com.tr\/en\/wp-json\/wp\/v2\/media?parent=3494"}],"curies":[{"name":"wp","href":"https:\/\/api.w.org\/{rel}","templated":true}]}}

<p><span style="float: right; color: red;"><a href="https://orsiad.com.tr/yes"><b>Türkçe için tıklayınız</b></a></span><br />
<img loading="lazy" decoding="async" class="alignright size-full wp-image-3554" alt="yes_logo_english" src="https://orsiad.com.tr/wp-content/uploads/yes_logo_english.jpg" width="430" height="210" /><b><span style="text-decoration: underline;">Date &amp; Place Of The Forum</span></b><br />
The forum which will take place in Istanbul Fair Center IFM as a part of the <b>Domotex Middle East Expo</b>, on <b>9th of November, 2013</b> at <b>2.30 pm. </b>The forum<b> </b>is a free event and open to public.</p>
<p><b><span style="text-decoration: underline;">Topic &amp; theme of the forum</span></b></p>
<p>The topic of the forum is decided as the <b>Interior Architects Role and Position In The Construction Industry.</b></p>
<p>The main theme will be discussed under this topic and, the speakers with the moderator of the forum depending on the situation will consider subtopics. Audience will have the opportunity to ask questions at the forum.</p>
<p>Recommended subtopics are;</p>
<p><i>a) What is the Interior Architects Role In The Construction Industry at the moment?<br />
</i><i>b) What should be the role and position of the Interior Architects In The Construction Industry?<br />
</i><i>c) What should be done to rearrange the position of Interior Architects Role In The Construction Industry?<br />
</i><i>d) What are the expectations from the private sector? (What are the expectations from the contractors in the construction sector?)<br />
</i><i>e) What are the expectations from the state?</i></p>
<p><b><i><span style="text-decoration: underline;">Forum’s speakers</span></i></b></p>
<p><i>The most important criteria</i> for choosing our speakers has been <i>the related experience</i> and <i>knowledge of their own sector</i>. What makes this forum different than others is that our speakers currently exist in the industry with great knowledge and they are well respected experts of their own sectors. There will be 6 speakers and 1 moderator taking place in this forum.</p>
<p>&nbsp;</p>
<p><span style="text-decoration: underline;"><strong>Moderator</strong></span></p>
<p><a href="/?page_id=3650" target="_blank">YUSUF GULTEKIN Taner, President of Chamber of Interior Architects Istanbul Branch</a></p>
<p>&nbsp;</p>
<p><span style="text-decoration: underline;"><strong>Speakers</strong></span></p>
<p><a href="/?page_id=3648" target="_blank">CEREN POLAT, University Lecturer &amp;  and Environmental Designer</a><br />
Doc. B.Burak KAPTAN, Interior Designer<br />
Yrd. Doç. Dr. Funda Ürük, Gelisim University head of the department of interior architecture<br />
Nazmi Durbakayım, Teknik Holding Chairman of the Board of Directors</p>
<p>&nbsp;</p>
<p><b><i><span style="text-decoration: underline;">Length of the forum</span></i></b></p>
<p>Total duration of the forum is considered to be 100 minutes.</p>
<p><b><i><span style="text-decoration: underline;"> </span></i></b></p>
<p><b><i><span style="text-decoration: underline;">Speaker’s Speech Duration</span></i></b></p>
<p>Approximately 15 minutes of speech for each speaker will be allowed.</p>
<p>&nbsp;</p>
<p><b><i><span style="text-decoration: underline;">Organizers of the forum</span></i></b></p>
<p>The organization of the <b>YES Forum 2013</b><b> (Building Structure Aesthetics)</b> is a joint work of the three organizations: <b>Turkish Chamber of Interior Architects Istanbul Branch</b><b>, Deutsche Messe Worldwide &#8211; Hannover Messe International Istanbul LTD ŞTİ </b>and <b>GET Foreign Trade Ltd. Co. LTD – ORSİAD Journal</b>.</p>
<p><a href="https://orsiad.com.tr/wp-content/uploads/yes-davetiye-english_2013.pdf" target="new"><img loading="lazy" decoding="async" src="https://orsiad.com.tr/wp-content/uploads/yes-davetiye-english_2013.jpg" alt="yes-davetiye-english_2013" width="940" height="546" class="alignnone size-full wp-image-3820" /></a></p>
<p>&nbsp;</p>
<p>[contact-form-7 id=&#8221;3823&#8243; title=&#8221;YES English&#8221;]</p>
<div style="overflow: hidden; height: 1px;">Лучшие <a href="https://vavadaeb.com" target="_blank" rel="noopener">вавада игровые</a> ждут вас. Насладитесь азартом!</div>

<p>Türkçe için tıklayınız Date &amp; Place Of The Forum The forum which will take place in Istanbul Fair Center IFM as a part of the Domotex Middle East Expo, on 9th of November, 2013 at 2.30 pm. The forum is a free event and open to public. Topic &amp; theme of the forum The topic [&hellip;]</p>
