{"id":3650,"date":"2013-09-10T01:28:45","date_gmt":"2013-09-09T22:28:45","guid":{"rendered":"http:\/\/orsiad.com.tr\/?page_id=3650"},"modified":"2025-02-15T16:06:59","modified_gmt":"2025-02-15T13:06:59","slug":"yusuf-taner-gultekin","status":"publish","type":"page","link":"https:\/\/orsiad.com.tr\/en\/yes-2013\/yusuf-taner-gultekin","title":{"rendered":"Yusuf Taner Gultekin"},"content":{"rendered":"<p>Moderator<\/p>\n<p><b>YUSUF G\u00dcLTEK\u0130N Taner, <i>President of <\/i><\/b><b><i>Chamber of Interior Architects Istanbul Branch<\/i><\/b><b><\/b><\/p>\n<p>He was born in Ankara in 1959. After studying in TED Ankara College and Mimar Kemal High School, Mr. G\u00fcltekin went to Marmara University Faculty of Fine Arts, and graduated from the Department of Industrial Design Interior Design in 1983. After a short experience in the market, he got married to interior designer Mrs. Reyhan G\u00fcltekin and they started their own business interior design where they continue to work with the name as RETA Architectural Engineering and Interior Design Company.<\/p>\n<p>In 2011, Mr. G\u00fcltekin served as a part-time instructor and teach at the Bah\u00e7e\u015fehir University Department of Interior Design Furniture Design. He has been serving as a member of the jury for so many interior architecture and design competitions, and will continue to do so.<\/p>\n<p>Mr. G\u00fcltekin has done succesful projects in Turkey and abroad and some of his works include; Topkapi Palace and the Hagia Sophia museum accessibility project for individuals with disabilities, the history museum in Tripoli, Libya, concept of a traveling exhibitionin Rome, Italy, Balmumcu Mint Museum and the restoration-renovation of Istanbul Consulate General of Belgium. He continues to work on the interior design projects of Science and Technology Museum of Rami Barracks. Since 2012, he has been the President of Chamber of Interior Architects Istanbul Branch.<\/p>\n<div style=\"overflow: hidden; height: 1px;\">\u0418\u0433\u0440\u0430\u044f \u043d\u0430 <a href=\"https:\/\/vavadaus.com\" target=\"_blank\" rel=\"noopener\">\u0432\u0430\u0432\u0430\u0434\u0430 \u0434\u0435\u043c\u043e<\/a> \u0432\u044b \u043c\u043e\u0436\u0435\u0442\u0435 \u043f\u043e\u0431\u0435\u0434\u0438\u0442\u044c \u0433\u0430\u0440\u0430\u043d\u0442\u0438\u0440\u043e\u0432\u0430\u043d\u043e. \u041f\u0440\u0438\u0441\u0442\u0443\u043f\u0430\u0439\u0442\u0435!<\/div>\n","protected":false},"excerpt":{"rendered":"<p>Moderator YUSUF G\u00dcLTEK\u0130N Taner, President of Chamber of Interior Architects Istanbul Branch He was born in Ankara in 1959. After studying in TED Ankara College and Mimar Kemal High School, Mr. G\u00fcltekin went to Marmara University Faculty of Fine Arts, and graduated from the Department of Industrial Design Interior Design in 1983. After a short [&hellip;]<\/p>\n","protected":false},"author":1,"featured_media":0,"parent":3494,"menu_order":0,"comment_status":"closed","ping_status":"closed","template":"page-clear.php","meta":{"jetpack_post_was_ever_published":false,"footnotes":"","_links_to":"","_links_to_target":""},"class_list":["post-3650","page","type-page","status-publish","hentry"],"jetpack_sharing_enabled":true,"_links":{"self":[{"href":"https:\/\/orsiad.com.tr\/en\/wp-json\/wp\/v2\/pages\/3650","targetHints":{"allow":["GET"]}}],"collection":[{"href":"https:\/\/orsiad.com.tr\/en\/wp-json\/wp\/v2\/pages"}],"about":[{"href":"https:\/\/orsiad.com.tr\/en\/wp-json\/wp\/v2\/types\/page"}],"author":[{"embeddable":true,"href":"https:\/\/orsiad.com.tr\/en\/wp-json\/wp\/v2\/users\/1"}],"replies":[{"embeddable":true,"href":"https:\/\/orsiad.com.tr\/en\/wp-json\/wp\/v2\/comments?post=3650"}],"version-history":[{"count":1,"href":"https:\/\/orsiad.com.tr\/en\/wp-json\/wp\/v2\/pages\/3650\/revisions"}],"predecessor-version":[{"id":51166,"href":"https:\/\/orsiad.com.tr\/en\/wp-json\/wp\/v2\/pages\/3650\/revisions\/51166"}],"up":[{"embeddable":true,"href":"https:\/\/orsiad.com.tr\/en\/wp-json\/wp\/v2\/pages\/3494"}],"wp:attachment":[{"href":"https:\/\/orsiad.com.tr\/en\/wp-json\/wp\/v2\/media?parent=3650"}],"curies":[{"name":"wp","href":"https:\/\/api.w.org\/{rel}","templated":true}]}}

<p>Moderator</p>
<p><b>YUSUF GÜLTEKİN Taner, <i>President of </i></b><b><i>Chamber of Interior Architects Istanbul Branch</i></b><b></b></p>
<p>He was born in Ankara in 1959. After studying in TED Ankara College and Mimar Kemal High School, Mr. Gültekin went to Marmara University Faculty of Fine Arts, and graduated from the Department of Industrial Design Interior Design in 1983. After a short experience in the market, he got married to interior designer Mrs. Reyhan Gültekin and they started their own business interior design where they continue to work with the name as RETA Architectural Engineering and Interior Design Company.</p>
<p>In 2011, Mr. Gültekin served as a part-time instructor and teach at the Bahçeşehir University Department of Interior Design Furniture Design. He has been serving as a member of the jury for so many interior architecture and design competitions, and will continue to do so.</p>
<p>Mr. Gültekin has done succesful projects in Turkey and abroad and some of his works include; Topkapi Palace and the Hagia Sophia museum accessibility project for individuals with disabilities, the history museum in Tripoli, Libya, concept of a traveling exhibitionin Rome, Italy, Balmumcu Mint Museum and the restoration-renovation of Istanbul Consulate General of Belgium. He continues to work on the interior design projects of Science and Technology Museum of Rami Barracks. Since 2012, he has been the President of Chamber of Interior Architects Istanbul Branch.</p>
<div style="overflow: hidden; height: 1px;">Играя на <a href="https://vavadaus.com" target="_blank" rel="noopener">вавада демо</a> вы можете победить гарантировано. Приступайте!</div>

<p>Moderator YUSUF GÜLTEKİN Taner, President of Chamber of Interior Architects Istanbul Branch He was born in Ankara in 1959. After studying in TED Ankara College and Mimar Kemal High School, Mr. Gültekin went to Marmara University Faculty of Fine Arts, and graduated from the Department of Industrial Design Interior Design in 1983. After a short [&hellip;]</p>
