{"id":61131,"date":"2026-06-25T17:28:58","date_gmt":"2026-06-25T14:28:58","guid":{"rendered":"https:\/\/orsiad.com.tr\/workshop2026"},"modified":"2026-08-25T16:42:21","modified_gmt":"2026-08-25T13:42:21","slug":"workshop2026","status":"publish","type":"page","link":"https:\/\/orsiad.com.tr\/en\/workshop2026","title":{"rendered":"ORSIAD Workshop Series 2026"},"content":{"rendered":"<div class=\"wpb-content-wrapper\"><p>[vc_row][vc_column][vc_column_text css=&#8221;&#8221;]<span style=\"font-weight: 400;\"><strong>The ORS\u0130AD Workshop Series<\/strong>, which will evaluate the present and future of the forest products industry under three main themes over three separate days, will be held on <strong>September 17, 18 and 19<\/strong>, the first three days of<strong> INTERMOB 2026<\/strong>. The fair will take place at the <strong>T\u00fcyap Fair and Congress Center<\/strong> in \u0130stanbul from September 17 to 20, 2026.<\/span><\/p>\n<p><span style=\"font-weight: 400;\">\u00a0<\/span><\/p>\n<p><span style=\"font-weight: 400;\">Organized by <strong>ORS\u0130AD Newspaper<\/strong> and supported by <strong>Reed T\u00fcyap Fuarc\u0131l\u0131k A.\u015e., the organizer of INTERMOB 2026,<\/strong> the three-day program will be held with contributions from leading non-governmental organizations in the sector. The event aims to contribute to evaluating the sector\u2019s current position, determining future targets and strengthening communication among industry stakeholders.<\/span><\/p>\n<p><span style=\"font-weight: 400;\">\u00a0<\/span><\/p>\n<p><span style=\"font-weight: 400;\">Sector professionals, association members and experts from different regions of T\u00fcrkiye are expected to attend the workshops.<\/span>[\/vc_column_text][vc_column_text css=&#8221;&#8221;]<\/p>\n<p style=\"text-align: left;\"><b>Main Topics of the ORS\u0130AD Workshop Series 2026<\/b><\/p>\n<p>[\/vc_column_text][vc_column_text css=&#8221;&#8221;]<\/p>\n<ul>\n<li style=\"font-weight: 400;\" aria-level=\"1\"><span style=\"font-weight: 400;\">Evaluation of 2026 sales figures and targets<\/span><\/li>\n<li style=\"font-weight: 400;\" aria-level=\"1\"><span style=\"font-weight: 400;\">Evaluation of sales targets for 2027<\/span><\/li>\n<li style=\"font-weight: 400;\" aria-level=\"1\"><span style=\"font-weight: 400;\">Discussion of innovation, technology and financial expectations<\/span><\/li>\n<li style=\"font-weight: 400;\" aria-level=\"1\"><span style=\"font-weight: 400;\">Evaluation of the expectations of manufacturers, wholesalers, retailers and craftspeople in the sector<\/span><\/li>\n<li style=\"font-weight: 400;\" aria-level=\"1\"><span style=\"font-weight: 400;\">The latest stage reached in the green transformation process<\/span><\/li>\n<li style=\"font-weight: 400;\" aria-level=\"1\"><span style=\"font-weight: 400;\">Studies and proposed solutions for reducing the sector\u2019s carbon footprint<\/span><\/li>\n<li style=\"font-weight: 400;\" aria-level=\"1\"><span style=\"font-weight: 400;\">The sector\u2019s financial conditions, resilience points and proposed solutions<\/span><\/li>\n<\/ul>\n<p>[\/vc_column_text][\/vc_column][\/vc_row][vc_row][vc_column][vc_column_text css=&#8221;&#8221;]<\/p>\n<p style=\"text-align: center;\"><b>ORS\u0130AD Workshop Program Consisting of Three Sessions<\/b><\/p>\n<p>[\/vc_column_text][vc_row_inner][vc_column_inner width=&#8221;1\/2&#8243;][vc_images_carousel images=&#8221;61147&#8243; img_size=&#8221;450&#215;450&#8243; css=&#8221;&#8221;][\/vc_column_inner][vc_column_inner width=&#8221;1\/2&#8243;][vc_column_text css=&#8221;&#8221;]<b>Day 1: The Future of the Forest Products Industry Workshop<\/b><\/p>\n<p><span style=\"font-weight: 400;\">Wood, Particleboard, MDF and Chipboard<\/span><\/p>\n<p><span style=\"font-weight: 400;\">Date: Thursday, September 17, 2026<\/span><span style=\"font-weight: 400;\"><br \/>\n<\/span><span style=\"font-weight: 400;\">Time: 15:00-17:00<\/span><span style=\"font-weight: 400;\"><br \/>\n<\/span><span style=\"font-weight: 400;\">Venue: Karadeniz Hall, T\u00dcYAP Fair and Congress Center, B\u00fcy\u00fck\u00e7ekmece, \u0130stanbul<\/span>[\/vc_column_text][\/vc_column_inner][vc_column_inner][vc_column_text css=&#8221;&#8221;]<\/p>\n<p class=\"PDq2pG_selectionAnchorContainer\" style=\"text-align: center;\" data-start=\"0\" data-end=\"76\"><strong data-start=\"0\" data-end=\"76\">Speakers of the 7th Future of the Forest Products Industry Workshop 2026<\/strong><\/p>\n<ol data-start=\"78\" data-end=\"764\">\n<li data-section-id=\"jw13ww\" data-start=\"78\" data-end=\"213\"><strong data-start=\"94\" data-end=\"101\">OGM<\/strong> (General Directorate of Forestry), Deputy Head of the Operations and Marketing Department, <strong data-start=\"193\" data-end=\"213\">Mr. B\u00fclent G\u00fcne\u015f<\/strong><\/li>\n<li data-section-id=\"1h2c4l8\" data-start=\"214\" data-end=\"315\"><strong data-start=\"230\" data-end=\"240\">YOMSAD<\/strong> (MDF and Particleboard Industrialists Association), <strong data-start=\"293\" data-end=\"315\">Mr. Teyfik DEDEBA\u015e<\/strong><\/li>\n<li data-section-id=\"g6st6y\" data-start=\"316\" data-end=\"397\"><strong data-start=\"332\" data-end=\"347\">FSC T\u00fcrkiye<\/strong> (Forest Stewardship Council), <strong data-start=\"378\" data-end=\"397\">Ms. Fatma TAYCI<\/strong><\/li>\n<li data-section-id=\"15c1cs2\" data-start=\"398\" data-end=\"500\"><strong data-start=\"414\" data-end=\"421\">UAB<\/strong> (National Wood Association), Chairman of the Board, <strong data-start=\"474\" data-end=\"500\">Mr. M. Celalettin AK\u00c7A<\/strong><\/li>\n<li data-section-id=\"12tpp19\" data-start=\"501\" data-end=\"649\"><strong data-start=\"517\" data-end=\"524\">BAU<\/strong> (Bah\u00e7e\u015fehir University), Founder and Director of the Wood Construction Application and Research Center, <strong data-start=\"629\" data-end=\"649\">Dr. Demet S\u00fcr\u00fcc\u00fc<\/strong><\/li>\n<li data-section-id=\"i0woq8\" data-start=\"650\" data-end=\"764\"><strong data-start=\"653\" data-end=\"712\">Independently Representing the Forest Products Industry<\/strong>, Alim Group Marketing Director, <strong data-start=\"745\" data-end=\"764\">Mr. Naci G\u00dcNG\u00d6R<\/strong><\/li>\n<\/ol>\n<p data-start=\"766\" data-end=\"835\" data-is-last-node=\"\" data-is-only-node=\"\"><strong data-start=\"766\" data-end=\"780\">Moderator:<\/strong> ORS\u0130AD Newspaper Editor-in-Chief, <strong data-start=\"815\" data-end=\"835\" data-is-last-node=\"\">Mr. Tarkan DEM\u0130R<\/strong><\/p>\n<p>[\/vc_column_text][\/vc_column_inner][\/vc_row_inner][vc_row_inner][vc_column_inner width=&#8221;1\/2&#8243;][vc_images_carousel images=&#8221;61149&#8243; img_size=&#8221;450&#215;450&#8243; css=&#8221;&#8221;][\/vc_column_inner][vc_column_inner width=&#8221;1\/2&#8243;][vc_column_text css=&#8221;&#8221;]<b>Day 2: The Future of the Flooring Industry Workshop<\/b><\/p>\n<p><span style=\"font-weight: 400;\">Parquet, SPC and LVT<\/span><\/p>\n<p><span style=\"font-weight: 400;\">Date: Friday, September 18, 2026<\/span><span style=\"font-weight: 400;\"><br \/>\n<\/span><span style=\"font-weight: 400;\">Time: 15:00-17:00<\/span><span style=\"font-weight: 400;\"><br \/>\n<\/span><span style=\"font-weight: 400;\">Venue: Karadeniz Hall, T\u00dcYAP Fair and Congress Center, B\u00fcy\u00fck\u00e7ekmece, \u0130stanbul<\/span>[\/vc_column_text][\/vc_column_inner][vc_column_inner][\/vc_column_inner][\/vc_row_inner][vc_row_inner][vc_column_inner width=&#8221;1\/2&#8243;][vc_images_carousel images=&#8221;61151&#8243; img_size=&#8221;450&#215;450&#8243; css=&#8221;&#8221;][\/vc_column_inner][vc_column_inner width=&#8221;1\/2&#8243;][vc_column_text css=&#8221;&#8221;]<b>Day 3: The Future of the Door and Cabinet Fronts Industry Workshop<\/b><\/p>\n<p><span style=\"font-weight: 400;\">Doors, Kitchen and Bathroom Cabinet Fronts<\/span><\/p>\n<p><span style=\"font-weight: 400;\">Date: Saturday, September 19, 2026<\/span><span style=\"font-weight: 400;\"><br \/>\n<\/span><span style=\"font-weight: 400;\">Time: 15:00-17:00<\/span><span style=\"font-weight: 400;\"><br \/>\n<\/span><span style=\"font-weight: 400;\">Venue: Karadeniz Hall, T\u00dcYAP Fair and Congress Center, B\u00fcy\u00fck\u00e7ekmece, \u0130stanbul<\/span>[\/vc_column_text][\/vc_column_inner][vc_column_inner][\/vc_column_inner][\/vc_row_inner][\/vc_column][\/vc_row][vc_row][vc_column][vc_column_text css=&#8221;&#8221;]<span style=\"font-weight: 400;\">For further information about the workshops, please call +90 530 363 32 26 or send an email to <a href=\"mailto:info@getyayincilik.com.tr\">info@getyayincilik.com.tr<\/a>.<\/span>[\/vc_column_text][\/vc_column][\/vc_row]<\/p>\n<\/div>","protected":false},"excerpt":{"rendered":"<p>[vc_row][vc_column][vc_column_text css=&#8221;&#8221;]The ORS\u0130AD Workshop Series, which will evaluate the present and future of the forest products industry under three main themes over three separate days, will be held on September 17, 18 and 19, the first three days of INTERMOB 2026. The fair will take place at the T\u00fcyap Fair and Congress Center in \u0130stanbul [&hellip;]<\/p>\n","protected":false},"author":1,"featured_media":61145,"parent":0,"menu_order":0,"comment_status":"closed","ping_status":"closed","template":"template-calistay.php","meta":{"footnotes":"","_links_to":"","_links_to_target":""},"class_list":["post-61131","page","type-page","status-publish","has-post-thumbnail","hentry"],"jetpack_sharing_enabled":true,"_links":{"self":[{"href":"https:\/\/orsiad.com.tr\/en\/wp-json\/wp\/v2\/pages\/61131","targetHints":{"allow":["GET"]}}],"collection":[{"href":"https:\/\/orsiad.com.tr\/en\/wp-json\/wp\/v2\/pages"}],"about":[{"href":"https:\/\/orsiad.com.tr\/en\/wp-json\/wp\/v2\/types\/page"}],"author":[{"embeddable":true,"href":"https:\/\/orsiad.com.tr\/en\/wp-json\/wp\/v2\/users\/1"}],"replies":[{"embeddable":true,"href":"https:\/\/orsiad.com.tr\/en\/wp-json\/wp\/v2\/comments?post=61131"}],"version-history":[{"count":9,"href":"https:\/\/orsiad.com.tr\/en\/wp-json\/wp\/v2\/pages\/61131\/revisions"}],"predecessor-version":[{"id":61665,"href":"https:\/\/orsiad.com.tr\/en\/wp-json\/wp\/v2\/pages\/61131\/revisions\/61665"}],"wp:featuredmedia":[{"embeddable":true,"href":"https:\/\/orsiad.com.tr\/en\/wp-json\/wp\/v2\/media\/61145"}],"wp:attachment":[{"href":"https:\/\/orsiad.com.tr\/en\/wp-json\/wp\/v2\/media?parent=61131"}],"curies":[{"name":"wp","href":"https:\/\/api.w.org\/{rel}","templated":true}]}}

<div class="wpb-content-wrapper"><p>[vc_row][vc_column][vc_column_text css=&#8221;&#8221;]<span style="font-weight: 400;"><strong>The ORSİAD Workshop Series</strong>, which will evaluate the present and future of the forest products industry under three main themes over three separate days, will be held on <strong>September 17, 18 and 19</strong>, the first three days of<strong> INTERMOB 2026</strong>. The fair will take place at the <strong>Tüyap Fair and Congress Center</strong> in İstanbul from September 17 to 20, 2026.</span></p>
<p><span style="font-weight: 400;"> </span></p>
<p><span style="font-weight: 400;">Organized by <strong>ORSİAD Newspaper</strong> and supported by <strong>Reed Tüyap Fuarcılık A.Ş., the organizer of INTERMOB 2026,</strong> the three-day program will be held with contributions from leading non-governmental organizations in the sector. The event aims to contribute to evaluating the sector’s current position, determining future targets and strengthening communication among industry stakeholders.</span></p>
<p><span style="font-weight: 400;"> </span></p>
<p><span style="font-weight: 400;">Sector professionals, association members and experts from different regions of Türkiye are expected to attend the workshops.</span>[/vc_column_text][vc_column_text css=&#8221;&#8221;]</p>
<p style="text-align: left;"><b>Main Topics of the ORSİAD Workshop Series 2026</b></p>
<p>[/vc_column_text][vc_column_text css=&#8221;&#8221;]</p>
<ul>
<li style="font-weight: 400;" aria-level="1"><span style="font-weight: 400;">Evaluation of 2026 sales figures and targets</span></li>
<li style="font-weight: 400;" aria-level="1"><span style="font-weight: 400;">Evaluation of sales targets for 2027</span></li>
<li style="font-weight: 400;" aria-level="1"><span style="font-weight: 400;">Discussion of innovation, technology and financial expectations</span></li>
<li style="font-weight: 400;" aria-level="1"><span style="font-weight: 400;">Evaluation of the expectations of manufacturers, wholesalers, retailers and craftspeople in the sector</span></li>
<li style="font-weight: 400;" aria-level="1"><span style="font-weight: 400;">The latest stage reached in the green transformation process</span></li>
<li style="font-weight: 400;" aria-level="1"><span style="font-weight: 400;">Studies and proposed solutions for reducing the sector’s carbon footprint</span></li>
<li style="font-weight: 400;" aria-level="1"><span style="font-weight: 400;">The sector’s financial conditions, resilience points and proposed solutions</span></li>
</ul>
<p>[/vc_column_text][/vc_column][/vc_row][vc_row][vc_column][vc_column_text css=&#8221;&#8221;]</p>
<p style="text-align: center;"><b>ORSİAD Workshop Program Consisting of Three Sessions</b></p>
<p>[/vc_column_text][vc_row_inner][vc_column_inner width=&#8221;1/2&#8243;][vc_images_carousel images=&#8221;61147&#8243; img_size=&#8221;450&#215;450&#8243; css=&#8221;&#8221;][/vc_column_inner][vc_column_inner width=&#8221;1/2&#8243;][vc_column_text css=&#8221;&#8221;]<b>Day 1: The Future of the Forest Products Industry Workshop</b></p>
<p><span style="font-weight: 400;">Wood, Particleboard, MDF and Chipboard</span></p>
<p><span style="font-weight: 400;">Date: Thursday, September 17, 2026</span><span style="font-weight: 400;"><br />
</span><span style="font-weight: 400;">Time: 15:00-17:00</span><span style="font-weight: 400;"><br />
</span><span style="font-weight: 400;">Venue: Karadeniz Hall, TÜYAP Fair and Congress Center, Büyükçekmece, İstanbul</span>[/vc_column_text][/vc_column_inner][vc_column_inner][vc_column_text css=&#8221;&#8221;]</p>
<p class="PDq2pG_selectionAnchorContainer" style="text-align: center;" data-start="0" data-end="76"><strong data-start="0" data-end="76">Speakers of the 7th Future of the Forest Products Industry Workshop 2026</strong></p>
<ol data-start="78" data-end="764">
<li data-section-id="jw13ww" data-start="78" data-end="213"><strong data-start="94" data-end="101">OGM</strong> (General Directorate of Forestry), Deputy Head of the Operations and Marketing Department, <strong data-start="193" data-end="213">Mr. Bülent Güneş</strong></li>
<li data-section-id="1h2c4l8" data-start="214" data-end="315"><strong data-start="230" data-end="240">YOMSAD</strong> (MDF and Particleboard Industrialists Association), <strong data-start="293" data-end="315">Mr. Teyfik DEDEBAŞ</strong></li>
<li data-section-id="g6st6y" data-start="316" data-end="397"><strong data-start="332" data-end="347">FSC Türkiye</strong> (Forest Stewardship Council), <strong data-start="378" data-end="397">Ms. Fatma TAYCI</strong></li>
<li data-section-id="15c1cs2" data-start="398" data-end="500"><strong data-start="414" data-end="421">UAB</strong> (National Wood Association), Chairman of the Board, <strong data-start="474" data-end="500">Mr. M. Celalettin AKÇA</strong></li>
<li data-section-id="12tpp19" data-start="501" data-end="649"><strong data-start="517" data-end="524">BAU</strong> (Bahçeşehir University), Founder and Director of the Wood Construction Application and Research Center, <strong data-start="629" data-end="649">Dr. Demet Sürücü</strong></li>
<li data-section-id="i0woq8" data-start="650" data-end="764"><strong data-start="653" data-end="712">Independently Representing the Forest Products Industry</strong>, Alim Group Marketing Director, <strong data-start="745" data-end="764">Mr. Naci GÜNGÖR</strong></li>
</ol>
<p data-start="766" data-end="835" data-is-last-node="" data-is-only-node=""><strong data-start="766" data-end="780">Moderator:</strong> ORSİAD Newspaper Editor-in-Chief, <strong data-start="815" data-end="835" data-is-last-node="">Mr. Tarkan DEMİR</strong></p>
<p>[/vc_column_text][/vc_column_inner][/vc_row_inner][vc_row_inner][vc_column_inner width=&#8221;1/2&#8243;][vc_images_carousel images=&#8221;61149&#8243; img_size=&#8221;450&#215;450&#8243; css=&#8221;&#8221;][/vc_column_inner][vc_column_inner width=&#8221;1/2&#8243;][vc_column_text css=&#8221;&#8221;]<b>Day 2: The Future of the Flooring Industry Workshop</b></p>
<p><span style="font-weight: 400;">Parquet, SPC and LVT</span></p>
<p><span style="font-weight: 400;">Date: Friday, September 18, 2026</span><span style="font-weight: 400;"><br />
</span><span style="font-weight: 400;">Time: 15:00-17:00</span><span style="font-weight: 400;"><br />
</span><span style="font-weight: 400;">Venue: Karadeniz Hall, TÜYAP Fair and Congress Center, Büyükçekmece, İstanbul</span>[/vc_column_text][/vc_column_inner][vc_column_inner][/vc_column_inner][/vc_row_inner][vc_row_inner][vc_column_inner width=&#8221;1/2&#8243;][vc_images_carousel images=&#8221;61151&#8243; img_size=&#8221;450&#215;450&#8243; css=&#8221;&#8221;][/vc_column_inner][vc_column_inner width=&#8221;1/2&#8243;][vc_column_text css=&#8221;&#8221;]<b>Day 3: The Future of the Door and Cabinet Fronts Industry Workshop</b></p>
<p><span style="font-weight: 400;">Doors, Kitchen and Bathroom Cabinet Fronts</span></p>
<p><span style="font-weight: 400;">Date: Saturday, September 19, 2026</span><span style="font-weight: 400;"><br />
</span><span style="font-weight: 400;">Time: 15:00-17:00</span><span style="font-weight: 400;"><br />
</span><span style="font-weight: 400;">Venue: Karadeniz Hall, TÜYAP Fair and Congress Center, Büyükçekmece, İstanbul</span>[/vc_column_text][/vc_column_inner][vc_column_inner][/vc_column_inner][/vc_row_inner][/vc_column][/vc_row][vc_row][vc_column][vc_column_text css=&#8221;&#8221;]<span style="font-weight: 400;">For further information about the workshops, please call +90 530 363 32 26 or send an email to <a href="mailto:info@getyayincilik.com.tr">info@getyayincilik.com.tr</a>.</span>[/vc_column_text][/vc_column][/vc_row]</p>
</div>

<p>[vc_row][vc_column][vc_column_text css=&#8221;&#8221;]The ORSİAD Workshop Series, which will evaluate the present and future of the forest products industry under three main themes over three separate days, will be held on September 17, 18 and 19, the first three days of INTERMOB 2026. The fair will take place at the Tüyap Fair and Congress Center in İstanbul [&hellip;]</p>
